- w - 31 = 0, 0 = -n - 4*w + 6. What is the remainder when y is divided by n?
9
Suppose -2*j - 40 = -3*j. Let t = -11 + 17. Calculate the remainder when j is divided by 56/t*(-3)/(-2).
12
Let f be (26 - 3)/((-2)/2). What is the remainder when (4/(-1))/(-2) - f is divided by 13?
12
Let r(j) = -2*j - 27. Calculate the remainder when 13 is divided by r(-16).
3
Suppose 2*d = d - 3*n - 11, 0 = 2*d + 5*n + 27. Let q = d + 36. What is the remainder when 39 is divided by q?
9
Suppose 3*d - 7 + 25 = 0. Let p be (7/3)/(2/d). Let o = p - -24. What is the remainder when 50 is divided by o?
16
Let j = -49 + 94. What is the remainder when j is divided by 8?
5
Suppose -25 = -2*u + 35. Suppose -2*b - 2*d + u = -10, 3*b = -4*d + 56. Calculate the remainder when 70 is divided by b.
22
Suppose -6*g + 4 = -8. Let z be 20*((-1)/(-2))/1. Suppose -5*q + z = -2*s + 5*s, 3*q = -s + g. Calculate the remainder when 9 is divided by s.
4
Suppose 4 = -3*s + 4*q - 0, -s - 3*q = -16. Let n = 136 - 121. What is the remainder when n is divided by s?
3
Let w(m) = m**3 + 8*m**2 - 2*m - 5. Calculate the remainder when (-2)/5 + 4664/110 is divided by w(-8).
9
Suppose -2*w - 77 - 313 = 3*n, -4*n - 520 = 4*w. Calculate the remainder when (-1)/3 + n/(-3) is divided by 2/(1/11 + 0).
21
Let o(z) = -2*z + 6. Let x be o(4). Calculate the remainder when (-2 - (x + 1)) + 57 is divided by 19.
18
Let g(k) = -k**2 - 7*k + 8. Let h = 315 + -276. Calculate the remainder when h is divided by g(-6).
11
Let a = -117 - -143. Let v = -23 + 126. What is the remainder when v is divided by a?
25
Calculate the remainder when ((-1118)/39)/(2/(-3)) is divided by 12.
7
Let m = 28 - 45. Let f = m - -22. Calculate the remainder when 12 is divided by f.
2
Suppose 0 = 4*y + 3*t - 507 + 73, -2*t - 224 = -2*y. What is the remainder when y is divided by 28?
26
Suppose 79 = 4*v - 13. Let c = -16 + v. Calculate the remainder when 27 is divided by c.
6
Let f(p) = -p**2 - 6*p - 4. Let s be f(-6). What is the remainder when (-95)/20*s/1 is divided by 7?
5
Suppose -4*k - 3 = -11. Suppose 0 = -k*t + 27 - 5. Calculate the remainder when 20 is divided by t.
9
Let v(u) = u**3 - 4*u - 1. Suppose d + 6 = 5*i - 13, 15 = i - 3*d. What is the remainder when 40 is divided by v(i)?
12
Suppose -4*n - 58 - 2 = -4*u, 0 = 5*u + 3*n - 51. Suppose 0 = -a + 13 + 22. Calculate the remainder when a is divided by u.
11
Let k(d) = -d**2 + 11*d - 7. Let x = -4 + 9. Calculate the remainder when x is divided by k(10).
2
Suppose -4*f = -2*f + 20. Let w = f + 10. Suppose -2*i = -2*r + 22, r + w*r = 2*i + 16. What is the remainder when r is divided by 3?
0
Let k(i) = -2*i + 6. Calculate the remainder when 37 is divided by k(-7).
17
Let m(w) = -20*w - 3. What is the remainder when m(-2) is divided by 20?
17
Suppose -2*l = y - 48 - 99, 2*y + 71 = l. Suppose 4*s + 3 = -l. What is the remainder when 34 is divided by 1 + (-1*2 - s)?
16
Suppose -4*y + 4*v + 56 = 0, 0 = 4*v - 0*v + 20. Calculate the remainder when 53 is divided by y.
8
Let v be (-9 - -6)*(-8)/6. Suppose 3*d + 2 = -4*p - 0, -v*d + 3*p = -39. Calculate the remainder when d is divided by 3.
0
Suppose 3*n - a = 72 - 21, -4*n + 2*a + 68 = 0. Calculate the remainder when 31 is divided by n.
14
Suppose 0 = 5*j + 19 - 104. Calculate the remainder when ((-396)/30)/(2/(-5)) is divided by j.
16
Suppose -4*g + 6 = -5*a - 39, 3*a = 5*g - 66. Suppose 47 = 2*r + g. What is the remainder when r is divided by 2*2/(-4) - -10?
7
Suppose 0 = -n - 2*n + l + 272, 5*l = -25. Let x = n + -64. Suppose -2*j = 3*j + 2*u - x, 20 = 4*j + 3*u. Calculate the remainder when 8 is divided by j.
3
Suppose -2*l = l + p - 4, 5*p = -5*l. What is the remainder when 4 is divided by l?
0
Let u be -6 + 5 - (-7 + 1). Let d = 3 + u. Let p(b) = -b**3 + 10*b**2 - 6*b - 5. What is the remainder when p(9) is divided by d?
6
Suppose -4*c + 44 = 4*f, 5*f - f + 73 = 5*c. What is the remainder when 51 is divided by c?
12
Let z = -83 - -112. Calculate the remainder when z is divided by 5.
4
Suppose 0 = s - 3*u - 25, -u = 2*s - 30 + 1. Suppose 4*x + 0*x = s. What is the remainder when -50*((-10)/x)/5 is divided by 13?
12
Let g be 9 + 0*2/(-6). Suppose 8*z = 5*z + g. Calculate the remainder when 4 is divided by z.
1
Suppose 5*q - 99 = 2*c, q + 4*c = 5*c + 18. Calculate the remainder when 246/4 - 7/(-14) is divided by q.
20
Suppose -4*u + 29 = 2*s + 3*s, 29 = s - 5*u. Let q = 13 - s. What is the remainder when 18 is divided by q?
2
Let q be -3 - (3 - 2 - 10). Let r(i) = -i**2 + 2*i**2 - 3*i - 2 + 1. Calculate the remainder when 33 is divided by r(q).
16
Let h(p) = p + 20. Calculate the remainder when h(-16) is divided by 3.
1
Suppose -v + 11 = -0*v. Suppose 3*u = -3, -4*a = 2*u - 7 + 1. Calculate the remainder when 105/3 - a - 1 is divided by v.
10
Suppose 0 = 4*v - 23 + 67. Let i = v + 23. Suppose -3*y + 4*t = -i - 27, -y + 3*t = -18. What is the remainder when 16 is divided by y?
7
Let v be (-2 - (-9)/6)*-14. Suppose g + v = 16. Suppose -n - 13 = -j, -3*j + n + 55 = 6*n. Calculate the remainder when j is divided by g.
6
Let y = 6 + -9. Let r = y + 12. Calculate the remainder when 26 is divided by r.
8
Suppose 0 = -5*l - 15, 5*h - 2*h - 4*l - 75 = 0. Calculate the remainder when h is divided by 4.
1
What is the remainder when 35 is divided by (0 - -15) + (-33)/11?
11
Suppose 4*y + s = 10 + 13, -4*y + 2*s = -14. Calculate the remainder when y is divided by 2.
1
Suppose 4*h - 105 = 7*h. Let n = -15 - h. Suppose -5*d + 300 = 5*z, 0 = 3*d + 2*d - 10. What is the remainder when z is divided by n?
18
Suppose 0 = -5*c + 3*j + 525, -j = -5*c + j + 520. What is the remainder when c is divided by 35?
32
Calculate the remainder when 220 is divided by 8*1179/252 - 6/14.
35
Let k = -4 - -6. Suppose 24 = n + k. Suppose -1 = a - f + 1, a = 5*f - n. Calculate the remainder when 8 is divided by a.
2
Let i be -3 - -45 - 8/(-4). Suppose 0 = -4*c - 4*l + i, 2*c + l = 2*l + 13. Calculate the remainder when 13 is divided by c.
5
Suppose 2*z - 22 = -0*z. Calculate the remainder when 39 is divided by z.
6
Let y(x) = -7*x - 1 - 2 + 0. Let h(b) = 3*b**3 + 2*b**2 + 3*b - 3. What is the remainder when h(2) is divided by y(-3)?
17
Suppose -81 = -4*w + 79. Let t = w - 29. Calculate the remainder when t is divided by 3.
2
Suppose -q + 2 = -0*q. Let m be (5/15)/(q/12). Suppose m*u + u - 111 = 0. Calculate the remainder when u is divided by 13.
11
Let m(q) be the second derivative of q**4/6 - 3*q**3/2 - q. Calculate the remainder when m(6) is divided by (-4)/(-5) - 276/(-30).
8
Suppose 4*p - 3*a - 29 = 10, p - 11 = a. Let v = -17 - -9. What is the remainder when 22 is divided by (v/p)/(2/(-18))?
10
Let d be 4/((-4)/5)*-13. Let h = d - 42. Suppose 3*n + 3*u - 17 - 13 = 0, n = 4*u. What is the remainder when h is divided by n?
7
Let q = 57 - 20. Calculate the remainder when q is divided by 19.
18
Let l = 18 - 13. Calculate the remainder when l is divided by 2.
1
Let b = -1 + 11. Let i = b + -6. Suppose c = i*d - 74, d + 0*c - 29 = -5*c. What is the remainder when d is divided by 7?
5
Let d(s) = -s - 2. Calculate the remainder when d(-3) is divided by 1.
0
Suppose 0 = y + y - 14. Let w(g) = 4*g**2 + 0*g + 9*g - 4 - 5*g**2. Calculate the remainder when 28 is divided by w(y).
8
Let g(f) = -9*f + 109. Suppose 3*w - 4*w - 2*m + 80 = 0, 5*m = 3*w - 207. What is the remainder when w is divided by g(10)?
17
Let c = -18 + 97. Calculate the remainder when c is divided by 27.
25
Let f(g) = -g**3 + 4*g**2 + 16*g - 15. Calculate the remainder when f(6) is divided by 7.
2
Suppose g + 2*l = 33, 0 = 3*g + 5*l + 11 - 105. Let v = -2 + 14. Calculate the remainder when g is divided by v.
11
What is the remainder when ((-1194)/(-105) - (-12)/28)*5 is divided by 10?
9
Suppose 4*v + 53 + 11 = 0. Let q = v + 33. Let d(h) = -h**3 - h**2 - h + 10. Calculate the remainder when q is divided by d(0).
7
Suppose 4*j = -j + 5*u + 50, -2*j + 17 = -u. What is the remainder when j is divided by 5?
2
Let w(i) = -3*i**2 + 13*i + 12. Let u(l) = l**2 - 1. Let c(g) = -4*u(g) - w(g). What is the remainder when 9 is divided by c(-12)?
1
Let j(k) = k**2 + 7*k - 5. Calculate the remainder when 24 is divided by j(-9).
11
Let b = -12 - -25. Calculate the remainder when 36 is divided by b.
10
Let i = 11 - -8. Let p